16) in base 8?
3
What is -331 (base 4) in base 6?
-141
-77 (base 11) to base 6
-220
31 (base 5) to base 6
24
Convert -111100 (base 2) to base 7.
-114
Convert -142 (base 11) to base 5.
-1132
9e (base 16) to base 7
314
4 (base 5) to base 12
4
Convert -37 (base 9) to base 3.
-1021
Convert -2 (base 14) to base 6.
-2
What is -8 (base 15) in base 6?
-12
-4 (base 7) to base 5
-4
-110001 (base 3) to base 4
-11011
-2 (base 14) to base 7
-2
-276 (base 8) to base 12
-13a
What is 2 (base 8) in base 16?
2
1 (base 11) to base 14
1
Convert -4 (base 8) to base 15.
-4
What is -50 (base 15) in base 8?
-113
-50 (base 7) to base 3
-1022
Convert -20 (base 3) to base 12.
-6
Convert 3 (base 15) to base 6.
3
269 (base 10) to base 13
179
0 (base 2) to base 5
0
-37 (base 15) to base 10
-52
Convert -2 (base 14) to base 10.
-2
-15 (base 7) to base 2
-1100
Convert -131 (base 6) to base 4.
-313
Convert -12 (base 10) to base 7.
-15
1 (base 11) to base 10
1
What is 7 (base 12) in base 5?
12
-23 (base 11) to base 2
-11001
What is -1a (base 13) in base 14?
-19
Convert -12 (base 9) to base 7.
-14
What is 13 (base 4) in base 13?
7
What is 0 (base 2) in base 4?
0
-331 (base 4) to base 3
-2021
4 (base 15) to base 5
4
What is -66 (base 7) in base 3?
-1210
Convert -231 (base 5) to base 13.
-51
0 (base 3) to base 4
0
-23a (base 12) to base 14
-19c
Convert 4 (base 15) to base 16.
4
What is -a (base 13) in base 9?
-11
What is 0 (base 6) in base 16?
0
Convert 2323 (base 4) to base 11.
160
-48 (base 10) to base 14
-36
What is 24 (base 7) in base 3?
200
Convert -203 (base 9) to base 6.
-433
What is 16 (base 13) in base 11?
18
Convert 7 (base 14) to base 6.
11
Convert 1b (base 14) to base 3.
221
2 (base 6) to base 16
2
Convert -134 (base 8) to base 2.
-1011100
Convert -110101 (base 2) to base 16.
-35
What is 213 (base 10) in base 7?
423
-113 (base 4) to base 6
-35
15 (base 7) to base 12
10
-1 (base 15) to base 4
-1
What is 3 (base 15) in base 4?
3
Convert 23 (base 7) to base 10.
17
Convert -a (base 16) to base 15.
-a
11 (base 9) to base 13
a
Convert 8 (base 9) to base 12.
8
What is -230 (base 5) in base 3?
-2102
Convert 3 (base 7) to base 13.
3
-48 (base 11) to base 3
-1221
97 (base 14) to base 7
250
8 (base 9) to base 5
13
Convert -16 (base 7) to base 15.
-d
What is 0 (base 7) in base 6?
0
What is -13 (base 10) in base 4?
-31
What is -220 (base 3) in base 4?
-120
3 (base 15) to base 3
10
-11 (base 2) to base 12
-3
Convert -3 (base 12) to base 14.
-3
Convert -11111 (base 2) to base 4.
-133
2 (base 15) to base 4
2
59 (base 15) to base 9
103
-5 (base 7) to base 12
-5
What is 3 (base 6) in base 9?
3
Convert -204 (base 5) to base 7.
-105
133 (base 5) to base 16
2b
0 (base 3) to base 12
0
-55 (base 7) to base 11
-37
What is 1 (base 11) in base 3?
1
Convert -121 (base 3) to base 5.
-31
-3d (base 14) to base 4
-313
6 (base 14) to base 3
20
What is 1 (base 2) in base 6?
1
What is 31 (base 11) in base 6?
54
What is 0 (base 8) in base 3?
0
-1 (base 15) to base 9
-1
Convert -73 (base 15) to base 13.
-84
Convert -1a8 (base 11) to base 6.
-1035
-28 (base 10) to base 12
-24
What is 120 (base 3) in base 13?
12
Convert -3 (base 4) to base 12.
-3
What is -18 (base 16) in base 4?
-120
-1 (base 14) to base 3
-1
Convert -22 (base 7) to base 14.
-12
What is 7 (base 9) in base 2?
111
Convert 13 (base 10) to base 3.
111
Convert -4b (base 14) to base 13.
-52
100101 (base 2) to base 5
122
80 (base 10) to base 7
143
-15 (base 15) to base 6
-32
Convert -7e (base 16) to base 6.
-330
What is -1 (base 13) in base 12?
-1
Convert 1 (base 11) to base 5.
1
Convert 101110100 (base 2) to base 14.
1c8
What is 1212 (base 3) in base 6?
122
Convert -1 (base 7) to base 4.
-1
What is -c (base 13) in base 11?
-11
Convert -122 (base 3) to base 2.
-10001
-20 (base 5) to base 14
-a
13 (base 11) to base 2
1110
Convert -164 (base 11) to base 15.
-cb
-1 (base 13) to base 4
-1
-1 (base 12) to base 2
-1
What is -2 (base 7) in base 6?
-2
-210 (base 7) to base 2
-1101001
What is 26 (base 16) in base 7?
53
Convert 65 (base 14) to base 10.
89
102222 (base 3) to base 9
388
Convert 5 (base 10) to base 8.
5
16 (base 10) to base 2
10000
-2 (base 5) to base 12
-2
What is -2 (base 16) in base 11?
-2
What is 1000 (base 3) in base 13?
21
What is -3 (base 15) in base 16?
-3
-106 (base 8) to base 15
-4a
-2 (base 3) to base 12
-2
-3 (base 4) to base 9
-3
1 (base 10) to base 9
1
Convert -22 (base 9) to base 13.
-17
What is -56 (base 7) in base 14?
-2d
What is 43 (base 5) in base 10?
23
Convert 5 (base 11) to base 4.
11
-3 (base 14) to base 12
-3
Convert -5 (base 12) to base 11.
-5
What is 3 (base 8) in base 9?
3
-213 (base 6) to base 16
-51
What is -10 (base 4) in base 16?
-4
What is -1 (base 2) in base 16?
-1
What is -9 (base 11) in base 2?
-1001
-115 (base 14) to base 3
-21222
83 (base 15) to base 3
11120
Convert 2 (base 13) to base 5.
2
What is -1103 (base 4) in base 15?
-58
What is -13 (base 6) in base 11?
-9
What is 23 (base 10) in base 14?
19
b (base 15) to base 5
21
-4 (base 7) to base 13
-4
What is 106 (base 7) in base 9?
61
0 (base 8) to base 6
0
What is 0 (base 4) in base 15?
0
Convert -32 (base 8) to base 9.
-28
Convert -1303 (base 4) to base 11.
-a5
Convert -17 (base 15) to base 11.
-20
What is -30 (base 9) in base 3?
-1000
-16 (base 12) to base 10
-18
2 (base 13) to base 12
2
Convert 0 (base 8) to base 16.
0
What is -7 (base 11) in base 6?
-11
150 (base 6) to base 13
51
1 (base 13) to base 11
1
Convert -3 (base 7) to base 3.
-10
-23 (base 5) to base 6
-21
Convert -1220 (base 3) to base 7.
-102
24 (base 9) to base 5
42
-6 (base 15) to base 5
-11
What is 8 (base 12) in base 16?
8
What is 1c8 (base 13) in base 15?
173
Convert -30 (base 4) to base 12.
-10
What is 8 (base 12) in base 11?
8
Convert -31 (base 8) to base 10.
-25
-20 (base 4) to base 12
-8
Convert -3 (base 16) to base 9.
-3
What is 0 (base 4) in base 14?
0
Convert 131 (base 4) to base 11.
27
2013 (base 4) to base 8
207
What is -1142 (base 5) in base 8?
-254
Convert 21 (base 11) to base 13.
1a
Convert 1b (base 16) to base 5.
102
Convert 1a (base 15) to base 12.
21
Convert 1 (base 3) to base 12.
1
-55 (base 9) to base 8
-62
What is 9c (base 15) in base 10?
147
What is -119 (base 11) in base 13?
-ab
Convert -1100010 (base 2) to base 7.
-200
Convert 400 (base 5) to base 10.
100
-15 (base 6) to base 8
-13
Convert -11 (base 5) to base 16.
-6
What is 110001 (base 2) in base 14?
37
11 (base 4) to base 5
10
What is -3 (base 9) in base 12?
-3
Convert -147 (base 12) to base 9.
-241
-10 (base 5) to base 15
-5
What is 10223 (base 4) in base 5?
2144
Convert 15 (base 16) to base 10.
21
-241 (base 6) to base 15
-67
5 (base 7) to base 10
5
Convert -123 (base 9) to base 13.
-7b
Convert -7 (base 12) to base 13.
-7
1 (base 7) to base 15
1
What is -4 (base 7) in base 14?
-4
Convert 33 (base 9) to base 12.
26
What is -1 (base 13) in base 12?
-1
What is -124 (base 6) in base 15?
-37
Convert -2 (base 6) to base 13.
-2
1c (base 14) to base 11
24
What is 2 (base 4) in base 11?
2
What is 126 (base 8) in base 11?
79
12 (base 5) to base 14
7
Convert 1112 (base 3) to base 9.
45
58 (base 11) to base 2
111111
Convert -12 (base 8) to base 5.
-20
-11 (base 14) to base 4
-33
9 (base 15) to base 14
9
What is 102 (base 4) in base 2?
10010
400 (base 8) to base 5
2011
What is 7 (base 11) in base 5?
12
What is -3 (base 5) in base 3?
-10
Convert 124 (base 6) to base 7.
103
Convert 1001010 (base 2) to base 11.
68
Convert 10102 (base 3) to base 6.
232
-360 (base 8) to base 5
-1430
What is -123 (base 4) in base 6?
-43
Convert -2102 (base 4) to base 6.
-402
What is 40 (base 5) in base 12?
18
Convert 0 (base 10) to base 6.
0
-14a (base 11) to base 7
-340
What is -14 (base 14) in base 8?
-22
What is 39 (base 13) in base 8?
60
5 (base 13) to base 11
5
Convert 101 (base 11) to base 15.
82
0 (base 16) to base 5
0
10 (base 7) to base 13
7
Convert 4 (base 7) to base 3.
11
Convert -1 (base 2) to base 3.
-1
What is -1001 (base 2) in base 11?
-9
-1311 (base 4) to base 13
-90
What is -6 (base 9) in base 10?
-6
What is 21 (base 15) in base 10?
31
Convert 1 (base 11) to base 14.
1
-68 (base 16) to base 3
-10212
Convert 155 (base 12) to base 4.
3101
What is -2 (base 16) in base 12?
-2
What is -1 (base 3) in base 4?
-1
What is -1 (base 9)